t b = 678 - x. Let o(i) be the third derivative of i**4/24 - i**3/6 - i**2. What is o(b)?
-5
Let u(m) = -50*m + 29. Let n be u(5). Let r be 4/(-6) + n/(-39). Let f(l) = 2*l**2 - 4*l - 7. Determine f(r).
23
Let q(k) = 6*k**2 + k + 1. Let y be (153/(-36) + 2)*(-8)/6. Suppose 0 = -4*z + 5*z - y. Let v be (-72)/(-12)*1/z - 4. Determine q(v).
23
Let v be 10 - (72/(-90))/((-4)/(-30)). Let z(b) = 0*b**3 + 9 + 11*b**2 + 2*b**3 + 2*b + v - 3*b**3 - 41. Calculate z(11).
6
Let j(m) be the third derivative of -166*m**2 + 1/60*m**5 + 0*m - 19/6*m**3 + 0 + 1/3*m**4. What is j(-10)?
1
Suppose r + 22 = 5*p + 7, p = 4. Let a(m) = -m**3 + 6*m**2 + m + 6. Let b be a(6). Suppose r*o - b = -o. Let c(v) = v**3 + 2*v**2 - 2*v + 1. Calculate c(o).
13
Let o(s) = 16*s - 3*s - 7*s - 3 - 5*s. Let h be 23/5 + 2/5. Give o(h).
2
Let o(g) = 3*g**3 + 7*g**2 - 8*g + 6. Suppose -3 = 17*l - 14*l. Let z(w) = 2*w**3 - w. Let i(x) = l*o(x) + 2*z(x). Let j = 16 + -10. Determine i(j).
-6
Let d(j) = -j**3 - 5*j**2 + 7*j + 6. Let q be d(-6). Let r(a) = -9*a**2 - a**3 + 0*a + q*a**2 + a + 12. Suppose -15 = i - n, 4*n + 36 = -4*i + 24. Give r(i).
3
Let f(y) = y**2 - 15*y + 36. Let w = -5283 + 5288. Determine f(w).
-14
Let m(n) = -n**3 + 6*n**2 - 5*n - 11. Suppose 4382 - 4370 = 4*a. Give m(a).
1
Let j = -1 - -1. Let q(i) = i**2 - 5*i - 17. Let t(o) = -o**2 + 6*o + 18. Suppose 19 = -5*c + 44. Let w(d) = c*t(d) + 6*q(d). Calculate w(j).
-12
Let k be ((-9)/(-36))/(3/(-516)). Let s = -51 - k. Let m(y) = -y**3 - 7*y**2 + 7*y - 11. Determine m(s).
-3
Suppose -3*d + 7*d = -12. Let g = d + 4. Let q(a) = 23*a**3 - 2*a**2 + a - 7. Let t(m) = 52*m**3 - 5*m**2 + 2*m - 16. Let w(p) = 7*q(p) - 3*t(p). Give w(g).
6
Let l(q) be the second derivative of q**4/12 - 11*q**2/2 + 4*q. Let d be ((-140)/(-90))/7 - (-29)/(-9). Let b be (d - -3)/((-21)/(-7))*1. What is l(b)?
-11
Let y(q) be the first derivative of 2*q**3/3 + 17*q**2/2 + 29*q - 5075. Determine y(-5).
-6
Let r be (2/6)/((-1)/(-78)). Suppose -r = -5*w - 3*x, 46*w = 42*w + x + 14. Let s(i) = -3*i + 4. Determine s(w).
-8
Let r(i) be the first derivative of -i**3/3 - 3*i - 5. Let m(q) = -q**3 - 40*q**2 - 399*q - 6. Let y be m(-19). Calculate r(y).
-39
Let y be (-11 - -9)*6/6. Let g(j) = 2*j - 1. Let z(o) = -1 + 3*o**3 - 4*o**3 + 0*o**2 - o**2. Let q(d) = g(d) - 2*z(d). Calculate q(y).
-11
Let u = 4 - 11. Let f(b) be the third derivative of -b**5/60 - b**4/4 + 3*b**3/2 + 1252*b**2 - b. What is f(u)?
2
Suppose -4*c = w - 2, 0*w - 4*c + 8 = 4*w. Suppose 0 = w*a + 15*a + 68. Let z(h) = 3*h**2 + 2 + 0 - 1 + h**2 + h**3. Determine z(a).
1
Let w(u) = -85*u + 625. Let t(o) = -7*o + 52. Let i(y) = 25*t(y) - 2*w(y). Determine i(9).
5
Let p = 146 + -145. Let l(d) be the first derivative of 15*d**2/2 - 8*d - 2. Let b be l(p). Let x(o) = -o**3 + 8*o**2 - 7*o + 10. Determine x(b).
10
Let b = 756 + -759. Let j be 2/b*(-19 - -7). Let p(h) = -h - 3. What is p(j)?
-11
Let m(c) = c**3 - 7*c**2 + 9*c - 2. Let w = 30152 - 30145. Give m(w).
61
Let w(i) be the first derivative of -2*i**3/3 + 21*i**2 + 38*i - 2173. Calculate w(22).
-6
Let r(h) = -h**2 - 304*h - 901. Let c be r(-3). Let b(j) be the third derivative of 0*j - j**3 + 1/24*j**4 + 26*j**c + 0. Determine b(8).
2
Let w(o) = -o**3 - 82*o**2 - 389*o - 333. Let m be w(-77). Let u(d) = -d**3 - 27*d**2 - 51*d - 14. Give u(m).
11
Let b(v) = -64*v + 837. Let q be 15 - -3 - (1 - (-10 - -6)). Determine b(q).
5
Let v(t) = 6*t**2 - 41*t - 10. Let q be v(-6). Let b = q + -458. Let x(i) = i**3 + 7*i**2 + 5*i - 3. What is x(b)?
3
Let v(z) = z**3 - z**2 + 2*z - 11. Let f(h) = h**3 - 3*h**2 - 22*h + 76. Let c be f(4). Give v(c).
45
Let z(k) = -7*k + 35. Let p(m) = -3*m + 20. Let y(q) = 11*p(q) - 6*z(q). Give y(6).
64
Let z = 308 - 315. Let p(o) be the first derivative of -o**2/2 - 10*o - 100. Calculate p(z).
-3
Let n(b) = 3*b**2 - 13*b + 132. Let p(c) = -c**2 + 4*c - 52. Let x(k) = -3*n(k) - 8*p(k). What is x(-2)?
2
Let u(y) = -10*y - 4. Let i = -375 + 381. Suppose 2*z - 16 = i*z. Give u(z).
36
Let l(i) be the second derivative of 4*i**3/3 + 181*i**2/2 + 6586*i. What is l(-28)?
-43
Let o(p) be the first derivative of p**2/2 - 23*p - 24. Let m(n) = n**3 - 3*n**2 + 3. Let r be m(3). Suppose 0 = r*z + 3*z - z. Calculate o(z).
-23
Let y(d) = -3*d**2 - 232*d + 2053. Let v be y(8). Let g(h) be the second derivative of 1/20*h**v + 1/2*h**4 - 3/2*h**3 - 4*h**2 - 25*h + 0. Calculate g(-7).
6
Suppose l + 9 = -8*m + 5*m, -8 = -4*l - m. Let x(u) = -u**3 + 2*u**2 + 3*u - 1. Give x(l).
-1
Let p(q) = -q**3 + 5*q**2 - 8*q + 9. Let y = 6401 - 6397. What is p(y)?
-7
Let a(m) = 23*m + 82. Let j be -114 + 106 - (4 - (-28)/(-8))*-8. Determine a(j).
-10
Let i(p) = p**2. Let m(x) = 5 + 4*x - 11*x + 18*x**2 - 16*x**2. Let q(l) = -3*i(l) + m(l). What is q(-7)?
5
Let n(b) = 94*b + 848. Let l be n(-9). Let q(d) = -5*d**3 - 3*d**2 + d + 4. Determine q(l).
-46
Suppose 63*s - 67*s + 924 = 0. Let t = -235 + s. Let b(m) = -4*m - 9. Calculate b(t).
7
Let w(q) = -1 + 22*q - 47*q + 26*q + 6. Let t be 3 - -32 - -1*1. Suppose 7*c - 3*c - t = 0. What is w(c)?
14
Let l = 2 - 3. Let a(z) = -652 - 9*z - 644 + 1296 + z + 0*z. Give a(l).
8
Let c(o) be the second derivative of o**5/20 + 9*o**4/4 + 13*o**3/3 + 11*o**2/2 + 12*o. Give c(-26).
11
Let n(m) be the second derivative of m**3/3 + 5*m**2 - 3*m. Suppose 6*x + 27 = -3. Let w be n(x). Let a(u) = -u + 9. Give a(w).
9
Let i(n) = -2*n - 4. Let z be 18/(5 + 44/(-10)). Suppose -202*s = -196*s - z. What is i(s)?
-14
Suppose -6*u + 16*u - 210 = 0. Let x(s) = -11*s + 12. Let q(y) = -3*y + 3. Let k(i) = u*q(i) - 6*x(i). Give k(10).
21
Suppose 26 - 1 = 5*h. Let y(d) = 4*d**2 + h*d - 5*d - 6*d + 1 + 2*d. Let v(c) = -2*c**2 + 2*c. Let n(x) = 5*v(x) + 3*y(x). What is n(2)?
7
Let v be (-2)/4 + (-14)/4. Let p(j) be the third derivative of 1/24*j**4 + 7/6*j**3 + 0 - 22*j**2 + 0*j. Give p(v).
3
Let k(n) = -4*n**3 + 27*n**2 + 8*n. Let d be 5/(-4 - (18/15)/((-126)/495)). What is k(d)?
7
Suppose -31 = -5*l + 3*r, -7 = 3*r - 1. Let b(u) = -6 - 13*u + l*u + 3*u**2 - 2*u**2 + 4*u. What is b(5)?
-1
Let j(b) = 23*b**3 + 132*b**2 + 25*b - 6. Let p(m) = -30*m**3 - 173*m**2 - 33*m + 8. Let q(y) = -13*j(y) - 10*p(y). Determine q(-14).
-72
Let c(j) = -11*j + 83. Let t(a) = 25*a - 188. Let y(s) = -9*c(s) - 4*t(s). Let d be ((-2)/(-4))/((-6)/(-48)). Give y(d).
1
Let n be (-15)/(-1) - ((-130)/(-32) + 36/(-576)). Let y(b) = -5*b + 31. Give y(n).
-24
Let w(q) = -7 + 953382*q**2 - 953380*q**2 + 5*q + 5*q + 27 + 5*q. Determine w(-5).
-5
Let q(l) = -l - 11. Let v be q(-14). Suppose 3*a - 5*t - 1 - 23 = 0, -5*a = v*t - 6. Let s(b) = -2*b + 5*b - 4*b**2 - b**2 + b**3 + 3 + 0*b**a. What is s(4)?
-1
Suppose 22 = -8*y + 14. Let j(n) = 55*n**2 - 2*n - 1. Calculate j(y).
56
Let s(w) = w**3 - 8*w**2 + 7*w - 48. Let x be s(8). Let a(y) = -x*y + 8*y - 1 + 10*y**3 + 7*y - 8*y + y**2. Suppose -2*g + 7*g = -5. Determine a(g).
-9
Let y = 5035 + -10069/2. Let z(l) be the first derivative of -3*l - 36 + y*l**2. What is z(-9)?
-12
Let n = 9191 + -9182. Let a(t) = 4*t**2 + 10*t + 7. Let x(f) = -f**2 + 1. Let v(m) = -a(m) - 5*x(m). What is v(n)?
-21
Let z(k) = 2*k - 3. Let t = -94 + 97. Let p(m) = 5*m - 8. Let g(c) = t*p(c) - 7*z(c). Let b(h) = -h**3 - 6*h**2 + 5*h - 8. Let n be b(-7). Give g(n).
3
Let m(q) = 2*q**3 - 2*q**2 + 2*q - 1. Suppose -4*h = -3*d + 226, -5*h = 3*d - 7*d + 303. Let n = 85 - d. Let z be -2 + -1 - n*(-10)/6. Calculate m(z).
11
Let x(u) be the first derivative of -16*u**2 - 3*u - 1344. Determine x(-1).
29
Let g = 19940 - 19934. Let h(l) = 0*l**3 + 6*l - 6*l**2 + 2 + 3 + l**3 - l**2. Determine h(g).
5
Let q(i) = 11*i + 369. Let b = 17504 - 17537. What is q(b)?
6
Let n(m) = -m**3 + 7*m**2 - 9*m + 8. Suppose 4*o = -5*j - 60 - 29, -4*j - 80 = o. Suppose 0 = 2*t - t - 27. Let q = j + t. Give n(q).
-10
Let g(m) be the second derivative of 7*m**3/2 + m**2 + 2388*m. Give g(-3).
-61
Let g = -680 + 352. Let i = g + 315. Let x(h) = h**3 + 12*h**2 - 14*h - 5. Calculate x(i).
8
Let r(i) be the third derivative of -11*i**4/24 - i**3/3 - 51*i**2. Let f(w) = 31*w + 6. Let c(n) = 3*f(n) + 8*r(n). Give c(-2).
-8
Let y(n) = -2*n - 187. Let o be y(-90). Let m(k) = -k**3 - 11*k**2 - 22*k + 15. What is m(o)?
-27
Let n(w) be the first derivative of w**4/4 + 10*w**3/3 + 13*w*